{"id":2822,"date":"2019-05-16T16:33:09","date_gmt":"2019-05-16T16:33:09","guid":{"rendered":"http:\/\/dxfuel.com.br\/site\/?page_id=2822"},"modified":"2019-08-08T20:21:29","modified_gmt":"2019-08-08T20:21:29","slug":"distribuidores-no-brasil","status":"publish","type":"page","link":"https:\/\/dxfuel.com.br\/site\/distribuidores-no-brasil\/","title":{"rendered":"Distribuidores no Brasil"},"content":{"rendered":"<h2 style=\"text-align: center;\">Escolha o estado<\/h2>\n<div style=\"text-align: center;\" class=\"estadodistribuido\">\n<p><select id=\"selector\"><option selected=\"selected\" value=\"#\">Clique aqui para escolher<\/option><option value=\"http:\/\/dxfuel.com.br\/site\/distribuidores-no-brasil\/entre-em-contato\/\">Acre (AC)<\/option><option value=\"http:\/\/dxfuel.com.br\/site\/distribuidores-no-brasil\/entre-em-contato\/\">Alagoas (AL)<\/option><option value=\"http:\/\/dxfuel.com.br\/site\/distribuidores-no-brasil\/entre-em-contato\/\">Amap\u00e1 (AP)<\/option><option value=\"http:\/\/dxfuel.com.br\/site\/distribuidores-no-brasil\/amazonas\/\">Amazonas (AM)<\/option><option value=\"http:\/\/dxfuel.com.br\/site\/distribuidores-no-brasil\/bahia\/\">Bahia (BA)<\/option><option value=\"http:\/\/dxfuel.com.br\/site\/distribuidores-no-brasil\/ceara\/\">Cear\u00e1 (CE)<\/option><option value=\"http:\/\/dxfuel.com.br\/site\/distribuidores-no-brasil\/distrito-federal\/\">Distrito Federal (DF)<\/option><option value=\"http:\/\/dxfuel.com.br\/site\/distribuidores-no-brasil\/entre-em-contato\/\">Esp\u00edrito Santo (ES)<\/option><option value=\"http:\/\/dxfuel.com.br\/site\/distribuidores-no-brasil\/goias\/\">Goi\u00e1s (GO)<\/option><option value=\"http:\/\/dxfuel.com.br\/site\/distribuidores-no-brasil\/maranhao\/\">Maranh\u00e3o (MA)<\/option><option value=\"http:\/\/dxfuel.com.br\/site\/distribuidores-no-brasil\/mato-grosso\/\">Mato Grosso (MT)<\/option><option value=\"http:\/\/dxfuel.com.br\/site\/distribuidores-no-brasil\/mato-grosso-do-sul\/\">Mato Grosso do Sul (MS)<\/option><option value=\"http:\/\/dxfuel.com.br\/site\/distribuidores-no-brasil\/minas-gerais\/\">Minas Gerais (MG)<\/option><option value=\"http:\/\/dxfuel.com.br\/site\/distribuidores-no-brasil\/para\">Par\u00e1 (PA)<\/option><option value=\"http:\/\/dxfuel.com.br\/site\/distribuidores-no-brasil\/paraiba\/\">Para\u00edba (PB)<\/option><option value=\"http:\/\/dxfuel.com.br\/site\/distribuidores-no-brasil\/parana\/\">Paran\u00e1 (PR)<\/option><option value=\"http:\/\/dxfuel.com.br\/site\/distribuidores-no-brasil\/pernambuco\/\">Pernambuco (PE)<\/option><option value=\"http:\/\/dxfuel.com.br\/site\/distribuidores-no-brasil\/entre-em-contato\/\">Piau\u00ed (PI)<\/option><option value=\"http:\/\/dxfuel.com.br\/site\/distribuidores-no-brasil\/rio-de-janeiro\/\">Rio de Janeiro (RJ)<\/option><option value=\"http:\/\/dxfuel.com.br\/site\/distribuidores-no-brasil\/entre-em-contato\/\">Rio Grande do Norte (RN)<\/option><option value=\"http:\/\/dxfuel.com.br\/site\/distribuidores-no-brasil\/rio-grande-do-sul\/\">Rio Grande do Sul (RS)<\/option><option value=\"http:\/\/dxfuel.com.br\/site\/distribuidores-no-brasil\/rondonia\/\">Rond\u00f4nia (RO)<\/option><option value=\"http:\/\/dxfuel.com.br\/site\/distribuidores-no-brasil\/entre-em-contato\/\">Roraima (RR)<\/option><option value=\"http:\/\/dxfuel.com.br\/site\/distribuidores-no-brasil\/santa-catarina\/\">Santa Catarina (SC)<\/option><option value=\"http:\/\/dxfuel.com.br\/site\/distribuidores-no-brasil\/sao-paulo\/\">S\u00e3o Paulo (SP)<\/option><option value=\"http:\/\/dxfuel.com.br\/site\/distribuidores-no-brasil\/sergipe\/\">Sergipe (SE)<\/option><option value=\"http:\/\/dxfuel.com.br\/site\/distribuidores-no-brasil\/tocantins\/\">Tocantins (TO)<\/option><\/select><\/p>\n<\/div>\n","protected":false},"excerpt":{"rendered":"<p>Escolha o estado Clique aqui para escolherAcre (AC)Alagoas (AL)Amap\u00e1 (AP)Amazonas (AM)Bahia (BA)Cear\u00e1 (CE)Distrito Federal (DF)Esp\u00edrito Santo (ES)Goi\u00e1s (GO)Maranh\u00e3o (MA)Mato Grosso (MT)Mato Grosso do Sul (MS)Minas Gerais (MG)Par\u00e1 (PA)Para\u00edba (PB)Paran\u00e1 (PR)Pernambuco (PE)Piau\u00ed (PI)Rio de Janeiro (RJ)Rio Grande do Norte (RN)Rio Grande do Sul (RS)Rond\u00f4nia (RO)Roraima (RR)Santa Catarina (SC)S\u00e3o Paulo (SP)Sergipe (SE)Tocantins (TO)<\/p>\n","protected":false},"author":1,"featured_media":0,"parent":0,"menu_order":0,"comment_status":"closed","ping_status":"closed","template":"","meta":{"footnotes":""},"class_list":["post-2822","page","type-page","status-publish","hentry"],"_links":{"self":[{"href":"https:\/\/dxfuel.com.br\/site\/wp-json\/wp\/v2\/pages\/2822","targetHints":{"allow":["GET"]}}],"collection":[{"href":"https:\/\/dxfuel.com.br\/site\/wp-json\/wp\/v2\/pages"}],"about":[{"href":"https:\/\/dxfuel.com.br\/site\/wp-json\/wp\/v2\/types\/page"}],"author":[{"embeddable":true,"href":"https:\/\/dxfuel.com.br\/site\/wp-json\/wp\/v2\/users\/1"}],"replies":[{"embeddable":true,"href":"https:\/\/dxfuel.com.br\/site\/wp-json\/wp\/v2\/comments?post=2822"}],"version-history":[{"count":44,"href":"https:\/\/dxfuel.com.br\/site\/wp-json\/wp\/v2\/pages\/2822\/revisions"}],"predecessor-version":[{"id":3424,"href":"https:\/\/dxfuel.com.br\/site\/wp-json\/wp\/v2\/pages\/2822\/revisions\/3424"}],"wp:attachment":[{"href":"https:\/\/dxfuel.com.br\/site\/wp-json\/wp\/v2\/media?parent=2822"}],"curies":[{"name":"wp","href":"https:\/\/api.w.org\/{rel}","templated":true}]}}