{"id":2046,"date":"2015-03-08T17:49:40","date_gmt":"2015-03-08T17:49:40","guid":{"rendered":"http:\/\/dxfuel.com.br\/site\/?page_id=2046"},"modified":"2019-05-14T20:06:34","modified_gmt":"2019-05-14T20:06:34","slug":"moto-2","status":"publish","type":"page","link":"https:\/\/dxfuel.com.br\/site\/produtos\/moto-2\/","title":{"rendered":"Moto"},"content":{"rendered":"<section id=\"\"  class=\"light_section\"> <div class=\"container\">  <div class=\"row\"><div class=\"col-md-6  text-default\" style=\"border-right:1px solid #cccccc;\">\n\t<div class=\"wpb_single_image wpb_content_element vc_align_center\">\n\t\t<div class=\"wpb_wrapper\">\n\t\t\t\n\t\t\t<img decoding=\"async\" width=\"700\" height=\"813\" data-src=\"https:\/\/dxfuel.com.br\/site\/wp-content\/uploads\/2015\/03\/MOTO-NOVO1.png\" class=\"vc_box_border_grey attachment-full lazyload\" alt=\"\" data-srcset=\"https:\/\/dxfuel.com.br\/site\/wp-content\/uploads\/2015\/03\/MOTO-NOVO1.png 700w, https:\/\/dxfuel.com.br\/site\/wp-content\/uploads\/2015\/03\/MOTO-NOVO1-258x300.png 258w\" data-sizes=\"(max-width: 700px) 100vw, 700px\" src=\"data:image\/svg+xml;base64,PHN2ZyB3aWR0aD0iMSIgaGVpZ2h0PSIxIiB4bWxucz0iaHR0cDovL3d3dy53My5vcmcvMjAwMC9zdmciPjwvc3ZnPg==\" style=\"--smush-placeholder-width: 700px; --smush-placeholder-aspect-ratio: 700\/813;\" \/>\n\t\t<\/div> \n\t<\/div> <\/div><div class=\"col-md-6  text-default\" >\n\t<div class=\"wpb_text_column wpb_content_element  vc_custom_1557864384448\">\n\t\t<div class=\"wpb_wrapper\">\n\t\t\t<h2>DX Injector Fuel Moto<\/h2>\n<p>Otimizador de combust\u00edvel para motocicletas movidas a Gasolina, Etanol ou Flex<br \/>\n<b>Categoria:<\/b> MOTO<br \/>\n<b>Embalagens<\/b>: 20ml<\/p>\n<div class=\"feature_teaser\"><\/div>\n\n\t\t<\/div> \n\t<\/div>    <div class=\"row\"><div class=\"col-md-12  text-default\">\n\t<div class=\"wpb_text_column wpb_content_element  vc_custom_1431883697653\">\n\t\t<div class=\"wpb_wrapper\">\n\t\t\t<h4 style=\"text-align: center;\">UTILIDADE<\/h4>\n<p style=\"text-align: center;\">Corrige as impurezas e estabiliza a combust\u00e3o produzindo queima limpa e uniforme, gerando mais pot\u00eancia ao motor, economia de combust\u00edvel e elimina\u00e7\u00e3o das emiss\u00f5es de poluentes e particulados para atmosfera.<\/p>\n<h4 style=\"text-align: center;\">INDICA\u00c7\u00c3O<\/h4>\n<p style=\"text-align: center;\">Motocicletas.<\/p>\n<h4 style=\"text-align: center;\">APLICA\u00c7\u00c3O<\/h4>\n<p style=\"text-align: center;\">Pode ser aplicado diretamente nos ve\u00edculos durante os abastecimentos ou nos tanques estacion\u00e1rios.<\/p>\n<h4 style=\"text-align: center;\">MODO DE USAR<\/h4>\n<p style=\"text-align: center;\">Propor\u00e7\u00e3o de 20 ml de DX Injector Fuel Moto para at\u00e9 20 litros de combust\u00edvel.<\/p>\n\n\t\t<\/div> \n\t<\/div> <\/div>    <\/div><\/div>  <\/div>  <\/div><\/section>\n","protected":false},"excerpt":{"rendered":"DX Injector Fuel Moto Otimizador de combust\u00edvel para motocicletas movidas a Gasolina, Etanol ou Flex Categoria: MOTO Embalagens: 20ml UTILIDADE Corrige as impurezas e estabiliza a combust\u00e3o produzindo queima limpa e uniforme, gerando mais pot\u00eancia ao motor, economia de combust\u00edvel e elimina\u00e7\u00e3o das emiss\u00f5es de poluentes e particulados para atmosfera. INDICA\u00c7\u00c3O Motocicletas. APLICA\u00c7\u00c3O Pode ser [...]","protected":false},"author":1,"featured_media":0,"parent":14,"menu_order":0,"comment_status":"closed","ping_status":"closed","template":"","meta":{"footnotes":""},"class_list":["post-2046","page","type-page","status-publish","hentry"],"_links":{"self":[{"href":"https:\/\/dxfuel.com.br\/site\/wp-json\/wp\/v2\/pages\/2046","targetHints":{"allow":["GET"]}}],"collection":[{"href":"https:\/\/dxfuel.com.br\/site\/wp-json\/wp\/v2\/pages"}],"about":[{"href":"https:\/\/dxfuel.com.br\/site\/wp-json\/wp\/v2\/types\/page"}],"author":[{"embeddable":true,"href":"https:\/\/dxfuel.com.br\/site\/wp-json\/wp\/v2\/users\/1"}],"replies":[{"embeddable":true,"href":"https:\/\/dxfuel.com.br\/site\/wp-json\/wp\/v2\/comments?post=2046"}],"version-history":[{"count":5,"href":"https:\/\/dxfuel.com.br\/site\/wp-json\/wp\/v2\/pages\/2046\/revisions"}],"predecessor-version":[{"id":2809,"href":"https:\/\/dxfuel.com.br\/site\/wp-json\/wp\/v2\/pages\/2046\/revisions\/2809"}],"up":[{"embeddable":true,"href":"https:\/\/dxfuel.com.br\/site\/wp-json\/wp\/v2\/pages\/14"}],"wp:attachment":[{"href":"https:\/\/dxfuel.com.br\/site\/wp-json\/wp\/v2\/media?parent=2046"}],"curies":[{"name":"wp","href":"https:\/\/api.w.org\/{rel}","templated":true}]}}